CRAN Package Check Results for Package OptHedging

Last updated on 2020-01-27 00:48:10 CET.

Flavor Version Tinstall Tcheck Ttotal Status Flags
r-devel-linux-x86_64-debian-clang 1.0 2.39 20.69 23.08 NOTE
r-devel-linux-x86_64-debian-gcc 1.0 1.87 17.65 19.52 NOTE
r-devel-linux-x86_64-fedora-clang 1.0 28.88 NOTE
r-devel-linux-x86_64-fedora-gcc 1.0 31.41 NOTE
r-devel-windows-ix86+x86_64 1.0 10.00 63.00 73.00 NOTE
r-devel-windows-ix86+x86_64-gcc8 1.0 8.00 51.00 59.00 NOTE
r-patched-linux-x86_64 1.0 1.87 23.24 25.11 NOTE
r-patched-solaris-x86 1.0 52.40 NOTE
r-release-linux-x86_64 1.0 1.84 22.27 24.11 NOTE
r-release-windows-ix86+x86_64 1.0 6.00 64.00 70.00 NOTE
r-release-osx-x86_64 1.0 NOTE
r-oldrel-windows-ix86+x86_64 1.0 5.00 45.00 50.00 NOTE
r-oldrel-osx-x86_64 1.0 NOTE

Check Details

Version: 1.0
Check: DESCRIPTION meta-information
Result: NOTE
    Malformed Title field: should not end in a period.
Flavors: r-devel-linux-x86_64-debian-clang, r-devel-linux-x86_64-debian-gcc, r-devel-linux-x86_64-fedora-clang, r-devel-linux-x86_64-fedora-gcc, r-devel-windows-ix86+x86_64, r-devel-windows-ix86+x86_64-gcc8, r-patched-linux-x86_64, r-patched-solaris-x86, r-release-linux-x86_64, r-release-windows-ix86+x86_64, r-release-osx-x86_64, r-oldrel-windows-ix86+x86_64, r-oldrel-osx-x86_64

Version: 1.0
Check: compiled code
Result: NOTE
    File ‘OptHedging/libs/OptHedging.so’:
     Found no calls to: ‘R_registerRoutines’, ‘R_useDynamicSymbols’
    
    It is good practice to register native routines and to disable symbol
    search.
    
    See ‘Writing portable packages’ in the ‘Writing R Extensions’ manual.
Flavors: r-devel-linux-x86_64-fedora-clang, r-devel-linux-x86_64-fedora-gcc