Last updated on 2020-01-27 00:48:10 CET.
Flavor | Version | Tinstall | Tcheck | Ttotal | Status | Flags |
---|---|---|---|---|---|---|
r-devel-linux-x86_64-debian-clang | 1.0.3 | 54.10 | 76.07 | 130.17 | OK | |
r-devel-linux-x86_64-debian-gcc | 1.0.3 | 45.96 | 61.80 | 107.76 | OK | |
r-devel-linux-x86_64-fedora-clang | 1.0.3 | 190.19 | NOTE | |||
r-devel-linux-x86_64-fedora-gcc | 1.0.3 | 181.34 | OK | |||
r-devel-windows-ix86+x86_64 | 1.0.3 | 143.00 | 182.00 | 325.00 | OK | |
r-devel-windows-ix86+x86_64-gcc8 | 1.0.3 | 147.00 | 157.00 | 304.00 | OK | |
r-patched-linux-x86_64 | 1.0.3 | 47.62 | 75.72 | 123.34 | OK | |
r-patched-solaris-x86 | 1.0.3 | 180.20 | OK | |||
r-release-linux-x86_64 | 1.0.3 | 47.27 | 74.42 | 121.69 | OK | |
r-release-windows-ix86+x86_64 | 1.0.3 | 99.00 | 136.00 | 235.00 | OK | |
r-release-osx-x86_64 | 1.0.3 | OK | ||||
r-oldrel-windows-ix86+x86_64 | 1.0.3 | 105.00 | 139.00 | 244.00 | OK | |
r-oldrel-osx-x86_64 | 1.0.3 | OK |
clang-UBSAN gcc-UBSAN valgrind
Version: 1.0.3
Check: installed package size
Result: NOTE
installed size is 5.3Mb
sub-directories of 1Mb or more:
libs 5.1Mb
Flavor: r-devel-linux-x86_64-fedora-clang