CRAN Package Check Results for Package OTclust

Last updated on 2020-01-27 00:48:10 CET.

Flavor Version Tinstall Tcheck Ttotal Status Flags
r-devel-linux-x86_64-debian-clang 1.0.2 20.20 528.99 549.19 NOTE
r-devel-linux-x86_64-debian-gcc 1.0.2 12.92 388.09 401.01 NOTE
r-devel-linux-x86_64-fedora-clang 1.0.2 757.11 OK
r-devel-linux-x86_64-fedora-gcc 1.0.2 829.40 OK
r-devel-windows-ix86+x86_64 1.0.2 44.00 621.00 665.00 NOTE
r-devel-windows-ix86+x86_64-gcc8 1.0.2 56.00 764.00 820.00 NOTE
r-patched-linux-x86_64 1.0.2 15.42 535.27 550.69 OK
r-patched-solaris-x86 1.0.2 854.00 OK
r-release-linux-x86_64 1.0.2 14.60 617.32 631.92 OK
r-release-windows-ix86+x86_64 1.0.2 34.00 555.00 589.00 OK
r-release-osx-x86_64 1.0.2 OK
r-oldrel-windows-ix86+x86_64 1.0.2 26.00 509.00 535.00 OK
r-oldrel-osx-x86_64 1.0.2 OK

Check Details

Version: 1.0.2
Check: package vignettes
Result: NOTE
    Package vignette with placeholder title 'Vignette Title':
     'OTclust.Rmd'
Flavors: r-devel-linux-x86_64-debian-clang, r-devel-linux-x86_64-debian-gcc, r-devel-windows-ix86+x86_64, r-devel-windows-ix86+x86_64-gcc8