CRAN Package Check Results for Package NormalBetaPrime

Last updated on 2020-01-27 00:48:09 CET.

Flavor Version Tinstall Tcheck Ttotal Status Flags
r-devel-linux-x86_64-debian-clang 2.2 11.45 92.04 103.49 OK
r-devel-linux-x86_64-debian-gcc 2.2 8.52 69.77 78.29 OK
r-devel-linux-x86_64-fedora-clang 2.2 116.80 NOTE
r-devel-linux-x86_64-fedora-gcc 2.2 119.35 OK
r-devel-windows-ix86+x86_64 2.2 24.00 133.00 157.00 OK
r-devel-windows-ix86+x86_64-gcc8 2.2 25.00 103.00 128.00 OK
r-patched-linux-x86_64 2.2 9.34 82.19 91.53 OK
r-patched-solaris-x86 2.2 155.30 NOTE
r-release-linux-x86_64 2.2 10.21 81.97 92.18 OK
r-release-windows-ix86+x86_64 2.2 15.00 85.00 100.00 OK
r-release-osx-x86_64 2.2 NOTE
r-oldrel-windows-ix86+x86_64 2.2 11.00 87.00 98.00 OK
r-oldrel-osx-x86_64 2.2 NOTE

Check Details

Version: 2.2
Check: installed package size
Result: NOTE
     installed size is 5.1Mb
     sub-directories of 1Mb or more:
     data 4.8Mb
Flavors: r-devel-linux-x86_64-fedora-clang, r-patched-solaris-x86, r-release-osx-x86_64, r-oldrel-osx-x86_64