CRAN Package Check Results for Package NonProbEst

Last updated on 2020-01-27 00:48:09 CET.

Flavor Version Tinstall Tcheck Ttotal Status Flags
r-devel-linux-x86_64-debian-clang 0.2.3 11.83 121.77 133.60 OK
r-devel-linux-x86_64-debian-gcc 0.2.3 10.41 95.06 105.47 OK
r-devel-linux-x86_64-fedora-clang 0.2.3 161.03 NOTE
r-devel-linux-x86_64-fedora-gcc 0.2.3 153.64 NOTE
r-devel-windows-ix86+x86_64 0.2.3 45.00 173.00 218.00 OK
r-devel-windows-ix86+x86_64-gcc8 0.2.3 43.00 133.00 176.00 OK
r-patched-linux-x86_64 0.2.3 10.09 107.28 117.37 OK
r-patched-solaris-x86 0.2.3 222.90 NOTE
r-release-linux-x86_64 0.2.3 10.69 107.26 117.95 OK
r-release-windows-ix86+x86_64 0.2.3 25.00 126.00 151.00 OK
r-release-osx-x86_64 0.2.3 NOTE
r-oldrel-windows-ix86+x86_64 0.2.3 16.00 113.00 129.00 OK
r-oldrel-osx-x86_64 0.2.3 NOTE

Check Details

Version: 0.2.3
Check: dependencies in R code
Result: NOTE
    Namespace in Imports field not imported from: ‘e1071’
     All declared Imports should be used.
Flavors: r-devel-linux-x86_64-fedora-clang, r-devel-linux-x86_64-fedora-gcc, r-patched-solaris-x86, r-release-osx-x86_64, r-oldrel-osx-x86_64