Last updated on 2020-01-27 00:48:09 CET.
Flavor | Version | Tinstall | Tcheck | Ttotal | Status | Flags |
---|---|---|---|---|---|---|
r-devel-linux-x86_64-debian-clang | 0.1.0 | 6.41 | 22.82 | 29.23 | OK | |
r-devel-linux-x86_64-debian-gcc | 0.1.0 | 5.90 | 18.37 | 24.27 | OK | |
r-devel-linux-x86_64-fedora-clang | 0.1.0 | 39.09 | NOTE | |||
r-devel-linux-x86_64-fedora-gcc | 0.1.0 | 37.84 | OK | |||
r-devel-windows-ix86+x86_64 | 0.1.0 | 22.00 | 51.00 | 73.00 | NOTE | |
r-devel-windows-ix86+x86_64-gcc8 | 0.1.0 | 21.00 | 53.00 | 74.00 | NOTE | |
r-patched-linux-x86_64 | 0.1.0 | 6.07 | 21.16 | 27.23 | OK | |
r-patched-solaris-x86 | 0.1.0 | 54.90 | NOTE | |||
r-release-linux-x86_64 | 0.1.0 | 6.44 | 21.01 | 27.45 | OK | |
r-release-windows-ix86+x86_64 | 0.1.0 | 9.00 | 37.00 | 46.00 | NOTE | |
r-release-osx-x86_64 | 0.1.0 | NOTE | ||||
r-oldrel-windows-ix86+x86_64 | 0.1.0 | 9.00 | 41.00 | 50.00 | NOTE | |
r-oldrel-osx-x86_64 | 0.1.0 | NOTE |
Version: 0.1.0
Check: installed package size
Result: NOTE
installed size is 5.8Mb
sub-directories of 1Mb or more:
data 5.7Mb
Flavors: r-devel-linux-x86_64-fedora-clang, r-devel-windows-ix86+x86_64, r-devel-windows-ix86+x86_64-gcc8, r-patched-solaris-x86, r-release-windows-ix86+x86_64, r-release-osx-x86_64, r-oldrel-windows-ix86+x86_64, r-oldrel-osx-x86_64
Version: 0.1.0
Check: package dependencies
Result: NOTE
Packages suggested but not available for checking:
'limma', 'DESeq2', 'edgeR', 'org.Hs.eg.db'
Flavor: r-release-osx-x86_64