CRAN Package Check Results for Package NPflow

Last updated on 2020-01-27 00:48:09 CET.

Flavor Version Tinstall Tcheck Ttotal Status Flags
r-devel-linux-x86_64-debian-clang 0.13.1 260.72 114.40 375.12 NOTE
r-devel-linux-x86_64-debian-gcc 0.13.1 173.91 84.42 258.33 NOTE
r-devel-linux-x86_64-fedora-clang 0.13.1 495.15 WARN
r-devel-linux-x86_64-fedora-gcc 0.13.1 471.94 NOTE
r-devel-windows-ix86+x86_64 0.13.1 509.00 270.00 779.00 OK
r-devel-windows-ix86+x86_64-gcc8 0.13.1 689.00 218.00 907.00 OK
r-patched-linux-x86_64 0.13.1 202.36 98.80 301.16 NOTE
r-patched-solaris-x86 0.13.1 453.60 OK
r-release-linux-x86_64 0.13.1 196.80 99.34 296.14 NOTE
r-release-windows-ix86+x86_64 0.13.1 481.00 179.00 660.00 OK
r-release-osx-x86_64 0.13.1 NOTE
r-oldrel-windows-ix86+x86_64 0.13.1 380.00 179.00 559.00 OK
r-oldrel-osx-x86_64 0.13.1 OK

Check Details

Version: 0.13.1
Check: use of SHLIB_OPENMP_*FLAGS in Makefiles
Result: NOTE
     src/Makevars: SHLIB_OPENMP_CXXFLAGS is included in PKG_CXXFLAGS but not in PKG_LIBS
     src/Makevars: SHLIB_OPENMP_CFLAGS is included in PKG_LIBS but linking is by C++
     src/Makevars.win: SHLIB_OPENMP_CXXFLAGS is included in PKG_CXXFLAGS but not in PKG_LIBS
     src/Makevars.win: SHLIB_OPENMP_CFLAGS is included in PKG_LIBS but linking is by C++
    Use of these macros is discussed in sect 1.2.1.1 of 'Writing R
    Extensions'. The macros for different languages may differ so the
    matching macro must be used in PKG_CXXFLAGS (etc) and match that used
    in PKG_LIBS (except for Fortran: see the manual).
Flavors: r-devel-linux-x86_64-debian-clang, r-devel-linux-x86_64-debian-gcc, r-devel-linux-x86_64-fedora-clang, r-devel-linux-x86_64-fedora-gcc, r-patched-linux-x86_64, r-release-linux-x86_64

Version: 0.13.1
Check: package dependencies
Result: WARN
    Requires orphaned package: ‘gplots’
Flavor: r-devel-linux-x86_64-fedora-clang

Version: 0.13.1
Check: installed package size
Result: NOTE
     installed size is 8.5Mb
     sub-directories of 1Mb or more:
     libs 7.9Mb
Flavors: r-devel-linux-x86_64-fedora-clang, r-release-osx-x86_64