CRAN Package Check Results for Package NNS

Last updated on 2020-01-27 00:48:09 CET.

Flavor Version Tinstall Tcheck Ttotal Status Flags
r-devel-linux-x86_64-debian-clang 0.4.8 10.57 64.01 74.58 OK --no-vignettes
r-devel-linux-x86_64-debian-gcc 0.4.8 9.45 48.00 57.45 OK --no-vignettes
r-devel-linux-x86_64-fedora-clang 0.4.8 400.04 OK
r-devel-linux-x86_64-fedora-gcc 0.4.8 391.36 OK
r-devel-windows-ix86+x86_64 0.4.8 31.00 353.00 384.00 OK
r-devel-windows-ix86+x86_64-gcc8 0.4.8 30.00 351.00 381.00 OK
r-patched-linux-x86_64 0.4.8 7.65 56.27 63.92 OK --no-vignettes
r-patched-solaris-x86 0.4.8 316.40 OK
r-release-linux-x86_64 0.4.8 9.59 57.40 66.99 OK --no-vignettes
r-release-windows-ix86+x86_64 0.4.8 18.00 217.00 235.00 OK
r-release-osx-x86_64 0.4.8 WARN
r-oldrel-windows-ix86+x86_64 0.4.8 10.00 224.00 234.00 OK
r-oldrel-osx-x86_64 0.4.8 WARN

Check Details

Version: 0.4.8
Check: whether package can be installed
Result: WARN
    Found the following significant warnings:
     Warning: 'rgl_init' failed, running with rgl.useNULL = TRUE
Flavors: r-release-osx-x86_64, r-oldrel-osx-x86_64

Version: 0.4.8
Check: dependencies in R code
Result: NOTE
    No protocol specified
Flavors: r-release-osx-x86_64, r-oldrel-osx-x86_64

Version: 0.4.8
Check: S3 generic/method consistency
Result: WARN
    No protocol specified
    See section ‘Generic functions and methods’ in the ‘Writing R
    Extensions’ manual.
Flavors: r-release-osx-x86_64, r-oldrel-osx-x86_64

Version: 0.4.8
Check: replacement functions
Result: WARN
    No protocol specified
    The argument of a replacement function which corresponds to the right
    hand side must be named ‘value’.
Flavors: r-release-osx-x86_64, r-oldrel-osx-x86_64

Version: 0.4.8
Check: foreign function calls
Result: NOTE
    No protocol specified
    See chapter ‘System and foreign language interfaces’ in the ‘Writing R
    Extensions’ manual.
Flavors: r-release-osx-x86_64, r-oldrel-osx-x86_64

Version: 0.4.8
Check: R code for possible problems
Result: NOTE
    No protocol specified
Flavors: r-release-osx-x86_64, r-oldrel-osx-x86_64

Version: 0.4.8
Check: for missing documentation entries
Result: WARN
    No protocol specified
    All user-level objects in a package should have documentation entries.
    See chapter ‘Writing R documentation files’ in the ‘Writing R
    Extensions’ manual.
Flavors: r-release-osx-x86_64, r-oldrel-osx-x86_64

Version: 0.4.8
Check: for code/documentation mismatches
Result: WARN
    No protocol specified
    No protocol specified
    No protocol specified
Flavors: r-release-osx-x86_64, r-oldrel-osx-x86_64

Version: 0.4.8
Check: Rd \usage sections
Result: NOTE
    No protocol specified
    The \usage entries for S3 methods should use the \method markup and not
    their full name.
    See chapter ‘Writing R documentation files’ in the ‘Writing R
    Extensions’ manual.
Flavors: r-release-osx-x86_64, r-oldrel-osx-x86_64