CRAN Package Check Results for Package NNLM

Last updated on 2020-01-27 00:48:09 CET.

Flavor Version Tinstall Tcheck Ttotal Status Flags
r-devel-linux-x86_64-debian-clang 0.4.3 71.29 333.79 405.08 OK
r-devel-linux-x86_64-debian-gcc 0.4.3 49.70 254.23 303.93 OK
r-devel-linux-x86_64-fedora-clang 0.4.3 493.40 OK
r-devel-linux-x86_64-fedora-gcc 0.4.3 502.60 OK
r-devel-windows-ix86+x86_64 0.4.3 169.00 485.00 654.00 OK
r-devel-windows-ix86+x86_64-gcc8 0.4.3 182.00 458.00 640.00 OK
r-patched-linux-x86_64 0.4.3 53.70 357.96 411.66 OK
r-patched-solaris-x86 0.4.3 623.90 OK
r-release-linux-x86_64 0.4.3 56.37 357.34 413.71 OK
r-release-windows-ix86+x86_64 0.4.3 136.00 378.00 514.00 OK
r-release-osx-x86_64 0.4.3 OK
r-oldrel-windows-ix86+x86_64 0.4.3 106.00 384.00 490.00 ERROR
r-oldrel-osx-x86_64 0.4.3 OK

Additional issues

clang-UBSAN gcc-UBSAN

Check Details

Version: 0.4.3
Check: whether package can be installed
Result: ERROR
    Installation failed.
Flavor: r-oldrel-windows-ix86+x86_64