CRAN Package Check Results for Package NLP

Last updated on 2020-01-27 00:48:09 CET.

Flavor Version Tinstall Tcheck Ttotal Status Flags
r-devel-linux-x86_64-debian-clang 0.2-0 4.61 30.78 35.39 NOTE
r-devel-linux-x86_64-debian-gcc 0.2-0 3.89 24.18 28.07 NOTE
r-devel-linux-x86_64-fedora-clang 0.2-0 43.15 NOTE
r-devel-linux-x86_64-fedora-gcc 0.2-0 41.94 NOTE
r-devel-windows-ix86+x86_64 0.2-0 18.00 53.00 71.00 NOTE
r-devel-windows-ix86+x86_64-gcc8 0.2-0 8.00 56.00 64.00 NOTE
r-patched-linux-x86_64 0.2-0 3.84 27.94 31.78 NOTE
r-patched-solaris-x86 0.2-0 57.10 NOTE
r-release-linux-x86_64 0.2-0 4.25 27.68 31.93 NOTE
r-release-windows-ix86+x86_64 0.2-0 9.00 53.00 62.00 OK
r-release-osx-x86_64 0.2-0 OK
r-oldrel-windows-ix86+x86_64 0.2-0 5.00 42.00 47.00 OK
r-oldrel-osx-x86_64 0.2-0 OK

Check Details

Version: 0.2-0
Check: dependencies in R code
Result: NOTE
    Missing or unexported object: 'cleanNLP::cnlp_get_token'
Flavors: r-devel-linux-x86_64-debian-clang, r-devel-linux-x86_64-debian-gcc, r-devel-linux-x86_64-fedora-clang, r-devel-linux-x86_64-fedora-gcc, r-devel-windows-ix86+x86_64, r-devel-windows-ix86+x86_64-gcc8, r-patched-linux-x86_64, r-patched-solaris-x86, r-release-linux-x86_64