Last updated on 2020-01-27 00:48:09 CET.
Flavor | Version | Tinstall | Tcheck | Ttotal | Status | Flags |
---|---|---|---|---|---|---|
r-devel-linux-x86_64-debian-clang | 3.10 | 228.80 | 86.23 | 315.03 | OK | |
r-devel-linux-x86_64-debian-gcc | 3.10 | 134.19 | 67.17 | 201.36 | OK | |
r-devel-linux-x86_64-fedora-clang | 3.10 | 444.05 | NOTE | |||
r-devel-linux-x86_64-fedora-gcc | 3.10 | 385.94 | OK | |||
r-devel-windows-ix86+x86_64 | 3.10 | 459.00 | 178.00 | 637.00 | OK | |
r-devel-windows-ix86+x86_64-gcc8 | 3.10 | 595.00 | 137.00 | 732.00 | OK | |
r-patched-linux-x86_64 | 3.10 | 157.88 | 74.77 | 232.65 | OK | |
r-patched-solaris-x86 | 3.10 | 356.80 | OK | |||
r-release-linux-x86_64 | 3.10 | 158.45 | 74.70 | 233.15 | OK | |
r-release-windows-ix86+x86_64 | 3.10 | 428.00 | 119.00 | 547.00 | OK | |
r-release-osx-x86_64 | 3.10 | OK | ||||
r-oldrel-windows-ix86+x86_64 | 3.10 | 311.00 | 110.00 | 421.00 | ERROR | |
r-oldrel-osx-x86_64 | 3.10 | OK |
Version: 3.10
Check: installed package size
Result: NOTE
installed size is 5.8Mb
sub-directories of 1Mb or more:
libs 4.8Mb
Flavor: r-devel-linux-x86_64-fedora-clang
Version: 3.10
Check: whether package can be installed
Result: ERROR
Installation failed.
Flavor: r-oldrel-windows-ix86+x86_64