Last updated on 2020-01-27 00:48:09 CET.
Flavor | Version | Tinstall | Tcheck | Ttotal | Status | Flags |
---|---|---|---|---|---|---|
r-devel-linux-x86_64-debian-clang | 0.1.0 | 2.03 | 17.11 | 19.14 | OK | |
r-devel-linux-x86_64-debian-gcc | 0.1.0 | 1.63 | 13.93 | 15.56 | OK | |
r-devel-linux-x86_64-fedora-clang | 0.1.0 | 23.99 | NOTE | |||
r-devel-linux-x86_64-fedora-gcc | 0.1.0 | 23.24 | NOTE | |||
r-devel-windows-ix86+x86_64 | 0.1.0 | 12.00 | 46.00 | 58.00 | OK | |
r-devel-windows-ix86+x86_64-gcc8 | 0.1.0 | 17.00 | 29.00 | 46.00 | OK | |
r-patched-linux-x86_64 | 0.1.0 | 1.57 | 15.99 | 17.56 | OK | |
r-patched-solaris-x86 | 0.1.0 | 34.80 | NOTE | |||
r-release-linux-x86_64 | 0.1.0 | 1.60 | 16.06 | 17.66 | OK | |
r-release-windows-ix86+x86_64 | 0.1.0 | 5.00 | 29.00 | 34.00 | OK | |
r-release-osx-x86_64 | 0.1.0 | NOTE | ||||
r-oldrel-windows-ix86+x86_64 | 0.1.0 | 2.00 | 28.00 | 30.00 | OK | |
r-oldrel-osx-x86_64 | 0.1.0 | NOTE |
Version: 0.1.0
Check: dependencies in R code
Result: NOTE
Namespaces in Imports field not imported from:
‘caret’ ‘datasets’ ‘dplyr’ ‘e1071’ ‘rhandsontable’ ‘shiny’
All declared Imports should be used.
Flavors: r-devel-linux-x86_64-fedora-clang, r-devel-linux-x86_64-fedora-gcc, r-patched-solaris-x86, r-release-osx-x86_64, r-oldrel-osx-x86_64