CRAN Package Check Results for Package NAM

Last updated on 2020-01-27 00:48:09 CET.

Flavor Version Tinstall Tcheck Ttotal Status Flags
r-devel-linux-x86_64-debian-clang 1.7.3 46.68 75.39 122.07 OK
r-devel-linux-x86_64-debian-gcc 1.7.3 38.99 58.01 97.00 OK
r-devel-linux-x86_64-fedora-clang 1.7.3 160.20 NOTE
r-devel-linux-x86_64-fedora-gcc 1.7.3 160.99 OK
r-devel-windows-ix86+x86_64 1.7.3 100.00 138.00 238.00 OK
r-devel-windows-ix86+x86_64-gcc8 1.7.3 102.00 137.00 239.00 OK
r-patched-linux-x86_64 1.7.3 39.11 68.48 107.59 OK
r-patched-solaris-x86 1.7.3 157.20 OK
r-release-linux-x86_64 1.7.3 41.30 67.73 109.03 OK
r-release-windows-ix86+x86_64 1.7.3 87.00 89.00 176.00 OK
r-release-osx-x86_64 1.7.3 NOTE
r-oldrel-windows-ix86+x86_64 1.7.3 72.00 90.00 162.00 OK
r-oldrel-osx-x86_64 1.7.3 NOTE

Check Details

Version: 1.7.3
Check: installed package size
Result: NOTE
     installed size is 7.2Mb
     sub-directories of 1Mb or more:
     libs 4.9Mb
Flavors: r-devel-linux-x86_64-fedora-clang, r-release-osx-x86_64, r-oldrel-osx-x86_64