Last updated on 2020-01-27 00:48:09 CET.
Flavor | Version | Tinstall | Tcheck | Ttotal | Status | Flags |
---|---|---|---|---|---|---|
r-devel-linux-x86_64-debian-clang | 0.2.0 | 105.84 | 138.28 | 244.12 | OK | |
r-devel-linux-x86_64-debian-gcc | 0.2.0 | 66.39 | 106.00 | 172.39 | OK | |
r-devel-linux-x86_64-fedora-clang | 0.2.0 | 315.73 | NOTE | |||
r-devel-linux-x86_64-fedora-gcc | 0.2.0 | 323.63 | NOTE | |||
r-devel-windows-ix86+x86_64 | 0.2.0 | 290.00 | 195.00 | 485.00 | OK | |
r-devel-windows-ix86+x86_64-gcc8 | 0.2.0 | 269.00 | 189.00 | 458.00 | OK | |
r-patched-linux-x86_64 | 0.2.0 | 77.51 | 148.92 | 226.43 | OK | |
r-patched-solaris-x86 | 0.2.0 | 46.50 | ERROR | |||
r-release-linux-x86_64 | 0.2.0 | 74.88 | 149.98 | 224.86 | OK | |
r-release-windows-ix86+x86_64 | 0.2.0 | 221.00 | 140.00 | 361.00 | OK | |
r-release-osx-x86_64 | 0.2.0 | NOTE | ||||
r-oldrel-windows-ix86+x86_64 | 0.2.0 | 188.00 | 149.00 | 337.00 | OK | |
r-oldrel-osx-x86_64 | 0.2.0 | NOTE |
Version: 0.2.0
Check: installed package size
Result: NOTE
installed size is 5.7Mb
sub-directories of 1Mb or more:
libs 4.1Mb
Flavors: r-devel-linux-x86_64-fedora-clang, r-release-osx-x86_64, r-oldrel-osx-x86_64
Version: 0.2.0
Check: compiled code
Result: NOTE
File ‘MultiBD/libs/MultiBD.so’:
Found no calls to: ‘R_registerRoutines’, ‘R_useDynamicSymbols’
It is good practice to register native routines and to disable symbol
search.
See ‘Writing portable packages’ in the ‘Writing R Extensions’ manual.
Flavors: r-devel-linux-x86_64-fedora-clang, r-devel-linux-x86_64-fedora-gcc
Version: 0.2.0
Check: whether package can be installed
Result: ERROR
Installation failed.
Flavor: r-patched-solaris-x86