Last updated on 2020-01-27 00:48:08 CET.
Flavor | Version | Tinstall | Tcheck | Ttotal | Status | Flags |
---|---|---|---|---|---|---|
r-devel-linux-x86_64-debian-clang | 0.7-3 | 35.28 | 102.75 | 138.03 | OK | |
r-devel-linux-x86_64-debian-gcc | 0.7-3 | 30.19 | 76.88 | 107.07 | OK | |
r-devel-linux-x86_64-fedora-clang | 0.7-3 | 168.34 | OK | |||
r-devel-linux-x86_64-fedora-gcc | 0.7-3 | 163.59 | OK | |||
r-devel-windows-ix86+x86_64 | 0.7-3 | 54.00 | 170.00 | 224.00 | OK | |
r-devel-windows-ix86+x86_64-gcc8 | 0.7-3 | 73.00 | 121.00 | 194.00 | OK | |
r-patched-linux-x86_64 | 0.7-3 | 28.31 | 90.07 | 118.38 | OK | |
r-patched-solaris-x86 | 0.7-3 | 189.90 | OK | |||
r-release-linux-x86_64 | 0.7-3 | 28.03 | 89.99 | 118.02 | OK | |
r-release-windows-ix86+x86_64 | 0.7-3 | 43.00 | 109.00 | 152.00 | OK | |
r-release-osx-x86_64 | 0.7-3 | FAIL | ||||
r-oldrel-windows-ix86+x86_64 | 0.7-3 | 36.00 | 93.00 | 129.00 | OK | |
r-oldrel-osx-x86_64 | 0.7-3 | OK |
Version: 0.7-3
Check: package dependencies
Result: NOTE
Package suggested but not available for checking: ‘rhdf5’
Flavor: r-release-osx-x86_64
Version: 0.7-3
Check: dependencies in R code
Result: FAIL
Flavor: r-release-osx-x86_64