CRAN Package Check Results for Package MobileTrigger

Last updated on 2020-01-27 00:48:08 CET.

Flavor Version Tinstall Tcheck Ttotal Status Flags
r-devel-linux-x86_64-debian-clang 0.0.31 12.26 99.54 111.80 OK
r-devel-linux-x86_64-debian-gcc 0.0.31 10.68 76.66 87.34 OK
r-devel-linux-x86_64-fedora-clang 0.0.31 135.15 NOTE
r-devel-linux-x86_64-fedora-gcc 0.0.31 131.13 NOTE
r-devel-windows-ix86+x86_64 0.0.31 43.00 163.00 206.00 OK
r-devel-windows-ix86+x86_64-gcc8 0.0.31 44.00 159.00 203.00 OK
r-patched-linux-x86_64 0.0.31 10.72 86.32 97.04 OK
r-patched-solaris-x86 0.0.31 189.50 NOTE
r-release-linux-x86_64 0.0.31 10.90 86.00 96.90 OK
r-release-windows-ix86+x86_64 0.0.31 26.00 105.00 131.00 OK
r-release-osx-x86_64 0.0.31 NOTE
r-oldrel-windows-ix86+x86_64 0.0.31 13.00 100.00 113.00 OK
r-oldrel-osx-x86_64 0.0.31 NOTE

Check Details

Version: 0.0.31
Check: dependencies in R code
Result: NOTE
    Namespace in Imports field not imported from: ‘ggplot2’
     All declared Imports should be used.
Flavors: r-devel-linux-x86_64-fedora-clang, r-devel-linux-x86_64-fedora-gcc, r-patched-solaris-x86, r-release-osx-x86_64, r-oldrel-osx-x86_64