CRAN Package Check Results for Package MetaCycle

Last updated on 2020-01-27 00:48:08 CET.

Flavor Version Tinstall Tcheck Ttotal Status Flags
r-devel-linux-x86_64-debian-clang 1.2.0 10.44 85.42 95.86 NOTE
r-devel-linux-x86_64-debian-gcc 1.2.0 8.73 65.23 73.96 NOTE
r-devel-linux-x86_64-fedora-clang 1.2.0 114.46 NOTE
r-devel-linux-x86_64-fedora-gcc 1.2.0 113.56 NOTE
r-devel-windows-ix86+x86_64 1.2.0 17.00 126.00 143.00 OK
r-devel-windows-ix86+x86_64-gcc8 1.2.0 24.00 122.00 146.00 OK
r-patched-linux-x86_64 1.2.0 8.50 75.95 84.45 OK
r-patched-solaris-x86 1.2.0 147.60 OK
r-release-linux-x86_64 1.2.0 9.93 77.19 87.12 OK
r-release-windows-ix86+x86_64 1.2.0 15.00 75.00 90.00 OK
r-release-osx-x86_64 1.2.0 OK
r-oldrel-windows-ix86+x86_64 1.2.0 10.00 83.00 93.00 OK
r-oldrel-osx-x86_64 1.2.0 OK

Check Details

Version: 1.2.0
Check: for non-standard things in the check directory
Result: NOTE
    Found the following files/directories:
     'cycHumanBloodData.csv' 'cycHumanBloodDesign.csv'
     'cycMouseLiverProtein.txt' 'cycMouseLiverRNA.csv' 'cycSimu4h2d.csv'
     'cycYeastCycle.csv' 'example'
Flavors: r-devel-linux-x86_64-debian-clang, r-devel-linux-x86_64-debian-gcc, r-devel-linux-x86_64-fedora-clang, r-devel-linux-x86_64-fedora-gcc