CRAN Package Check Results for Package MRFcov

Last updated on 2020-01-27 00:48:08 CET.

Flavor Version Tinstall Tcheck Ttotal Status Flags
r-devel-linux-x86_64-debian-clang 1.0.37 9.41 169.00 178.41 OK
r-devel-linux-x86_64-debian-gcc 1.0.37 0.39 1.92 2.31 ERROR
r-devel-linux-x86_64-fedora-clang 1.0.37 212.42 OK
r-devel-linux-x86_64-fedora-gcc 1.0.37 209.19 OK
r-devel-windows-ix86+x86_64 1.0.37 31.00 229.00 260.00 OK
r-devel-windows-ix86+x86_64-gcc8 1.0.37 33.00 229.00 262.00 OK
r-patched-linux-x86_64 1.0.37 9.91 150.25 160.16 OK
r-patched-solaris-x86 1.0.37 282.70 OK
r-release-linux-x86_64 1.0.37 7.95 150.71 158.66 OK
r-release-windows-ix86+x86_64 1.0.37 16.00 162.00 178.00 OK
r-release-osx-x86_64 1.0.37 OK
r-oldrel-windows-ix86+x86_64 1.0.37 12.00 154.00 166.00 OK
r-oldrel-osx-x86_64 1.0.37 OK

Check Details

Version: 1.0.37
Check: package dependencies
Result: ERROR
    Package required but not available: ‘sfsmisc’
    
    See section ‘The DESCRIPTION file’ in the ‘Writing R Extensions’
    manual.
Flavor: r-devel-linux-x86_64-debian-gcc