CRAN Package Check Results for Package MMVBVS

Last updated on 2020-01-27 00:48:08 CET.

Flavor Version Tinstall Tcheck Ttotal Status Flags
r-devel-linux-x86_64-debian-clang 0.8.0 44.16 40.92 85.08 OK
r-devel-linux-x86_64-debian-gcc 0.8.0 30.37 31.75 62.12 OK
r-devel-linux-x86_64-fedora-clang 0.8.0 113.09 OK
r-devel-linux-x86_64-fedora-gcc 0.8.0 105.61 OK
r-devel-windows-ix86+x86_64 0.8.0 91.00 118.00 209.00 OK
r-devel-windows-ix86+x86_64-gcc8 0.8.0 121.00 82.00 203.00 OK
r-patched-linux-x86_64 0.8.0 31.08 37.23 68.31 OK
r-patched-solaris-x86 0.8.0 115.10 OK
r-release-linux-x86_64 0.8.0 35.74 36.58 72.32 OK
r-release-windows-ix86+x86_64 0.8.0 79.00 71.00 150.00 OK
r-release-osx-x86_64 0.8.0 OK
r-oldrel-windows-ix86+x86_64 0.8.0 22.00 6.00 28.00 ERROR
r-oldrel-osx-x86_64 0.8.0 OK

Check Details

Version: 0.8.0
Check: whether package can be installed
Result: ERROR
    Installation failed.
Flavor: r-oldrel-windows-ix86+x86_64