CRAN Package Check Results for Package MLmetrics

Last updated on 2020-01-27 00:48:08 CET.

Flavor Version Tinstall Tcheck Ttotal Status Flags
r-devel-linux-x86_64-debian-clang 1.1.1 2.65 21.40 24.05 OK
r-devel-linux-x86_64-debian-gcc 1.1.1 2.02 17.34 19.36 OK
r-devel-linux-x86_64-fedora-clang 1.1.1 29.43 NOTE
r-devel-linux-x86_64-fedora-gcc 1.1.1 28.95 NOTE
r-devel-windows-ix86+x86_64 1.1.1 9.00 57.00 66.00 OK
r-devel-windows-ix86+x86_64-gcc8 1.1.1 7.00 51.00 58.00 OK
r-patched-linux-x86_64 1.1.1 1.48 20.44 21.92 OK
r-patched-solaris-x86 1.1.1 44.20 NOTE
r-release-linux-x86_64 1.1.1 2.03 20.09 22.12 OK
r-release-windows-ix86+x86_64 1.1.1 4.00 33.00 37.00 OK
r-release-osx-x86_64 1.1.1 NOTE
r-oldrel-windows-ix86+x86_64 1.1.1 3.00 39.00 42.00 OK
r-oldrel-osx-x86_64 1.1.1 NOTE

Check Details

Version: 1.1.1
Check: dependencies in R code
Result: NOTE
    Namespace in Imports field not imported from: ‘utils’
     All declared Imports should be used.
Flavors: r-devel-linux-x86_64-fedora-clang, r-devel-linux-x86_64-fedora-gcc, r-patched-solaris-x86, r-release-osx-x86_64, r-oldrel-osx-x86_64