CRAN Package Check Results for Package MHTcop

Last updated on 2020-01-27 00:48:08 CET.

Flavor Version Tinstall Tcheck Ttotal Status Flags
r-devel-linux-x86_64-debian-clang 0.1.1 2.53 41.29 43.82 OK
r-devel-linux-x86_64-debian-gcc 0.1.1 1.87 31.55 33.42 OK
r-devel-linux-x86_64-fedora-clang 0.1.1 52.84 NOTE
r-devel-linux-x86_64-fedora-gcc 0.1.1 51.36 NOTE
r-devel-windows-ix86+x86_64 0.1.1 6.00 71.00 77.00 OK
r-devel-windows-ix86+x86_64-gcc8 0.1.1 8.00 67.00 75.00 OK
r-patched-linux-x86_64 0.1.1 1.78 37.79 39.57 OK
r-patched-solaris-x86 0.1.1 74.70 NOTE
r-release-linux-x86_64 0.1.1 2.13 37.36 39.49 OK
r-release-windows-ix86+x86_64 0.1.1 4.00 51.00 55.00 OK
r-release-osx-x86_64 0.1.1 NOTE
r-oldrel-windows-ix86+x86_64 0.1.1 3.00 43.00 46.00 OK
r-oldrel-osx-x86_64 0.1.1 NOTE

Check Details

Version: 0.1.1
Check: dependencies in R code
Result: NOTE
    Namespaces in Imports field not imported from:
     ‘MCMCpack’ ‘copula’
     All declared Imports should be used.
Flavors: r-devel-linux-x86_64-fedora-clang, r-devel-linux-x86_64-fedora-gcc, r-patched-solaris-x86, r-release-osx-x86_64, r-oldrel-osx-x86_64