CRAN Package Check Results for Package MGLM

Last updated on 2020-01-27 00:48:08 CET.

Flavor Version Tinstall Tcheck Ttotal Status Flags
r-devel-linux-x86_64-debian-clang 0.2.0 8.69 134.02 142.71 NOTE
r-devel-linux-x86_64-debian-gcc 0.2.0 7.12 94.67 101.79 NOTE
r-devel-linux-x86_64-fedora-clang 0.2.0 167.20 OK
r-devel-linux-x86_64-fedora-gcc 0.2.0 162.94 OK
r-devel-windows-ix86+x86_64 0.2.0 24.00 229.00 253.00 NOTE
r-devel-windows-ix86+x86_64-gcc8 0.2.0 22.00 222.00 244.00 NOTE
r-patched-linux-x86_64 0.2.0 6.25 116.10 122.35 OK
r-patched-solaris-x86 0.2.0 189.10 OK
r-release-linux-x86_64 0.2.0 7.35 115.67 123.02 OK
r-release-windows-ix86+x86_64 0.2.0 11.00 120.00 131.00 OK
r-release-osx-x86_64 0.2.0 OK
r-oldrel-windows-ix86+x86_64 0.2.0 14.00 127.00 141.00 OK
r-oldrel-osx-x86_64 0.2.0 OK

Check Details

Version: 0.2.0
Check: package vignettes
Result: NOTE
    Package vignette with placeholder title 'Vignette Title':
     'mglm_vignette.rmd'
Flavors: r-devel-linux-x86_64-debian-clang, r-devel-linux-x86_64-debian-gcc, r-devel-windows-ix86+x86_64, r-devel-windows-ix86+x86_64-gcc8