CRAN Package Check Results for Package MDSMap

Last updated on 2020-01-27 00:48:08 CET.

Flavor Version Tinstall Tcheck Ttotal Status Flags
r-devel-linux-x86_64-debian-clang 1.1 14.62 156.05 170.67 OK
r-devel-linux-x86_64-debian-gcc 1.1 9.17 120.71 129.88 OK
r-devel-linux-x86_64-fedora-clang 1.1 203.05 OK
r-devel-linux-x86_64-fedora-gcc 1.1 199.68 OK
r-devel-windows-ix86+x86_64 1.1 76.00 251.00 327.00 OK
r-devel-windows-ix86+x86_64-gcc8 1.1 75.00 163.00 238.00 OK
r-patched-linux-x86_64 1.1 10.80 137.64 148.44 OK
r-patched-solaris-x86 1.1 308.50 OK
r-release-linux-x86_64 1.1 10.66 136.62 147.28 OK
r-release-windows-ix86+x86_64 1.1 35.00 153.00 188.00 OK
r-release-osx-x86_64 1.1 WARN
r-oldrel-windows-ix86+x86_64 1.1 27.00 202.00 229.00 OK
r-oldrel-osx-x86_64 1.1 WARN

Check Details

Version: 1.1
Check: whether package can be installed
Result: WARN
    Found the following significant warnings:
     Warning: 'rgl_init' failed, running with rgl.useNULL = TRUE
Flavors: r-release-osx-x86_64, r-oldrel-osx-x86_64