CRAN Package Check Results for Package MCMCprecision

Last updated on 2020-01-27 00:48:07 CET.

Flavor Version Tinstall Tcheck Ttotal Status Flags
r-devel-linux-x86_64-debian-clang 0.4.0 92.70 68.22 160.92 OK
r-devel-linux-x86_64-debian-gcc 0.4.0 69.64 54.29 123.93 OK
r-devel-linux-x86_64-fedora-clang 0.4.0 221.06 NOTE
r-devel-linux-x86_64-fedora-gcc 0.4.0 212.23 OK
r-devel-windows-ix86+x86_64 0.4.0 208.00 152.00 360.00 OK
r-devel-windows-ix86+x86_64-gcc8 0.4.0 223.00 117.00 340.00 OK
r-patched-linux-x86_64 0.4.0 76.01 62.24 138.25 OK
r-patched-solaris-x86 0.4.0 207.20 OK
r-release-linux-x86_64 0.4.0 77.02 62.19 139.21 OK
r-release-windows-ix86+x86_64 0.4.0 153.00 104.00 257.00 OK
r-release-osx-x86_64 0.4.0 NOTE
r-oldrel-windows-ix86+x86_64 0.4.0 140.00 98.00 238.00 OK
r-oldrel-osx-x86_64 0.4.0 NOTE

Check Details

Version: 0.4.0
Check: installed package size
Result: NOTE
     installed size is 15.9Mb
     sub-directories of 1Mb or more:
     libs 15.4Mb
Flavors: r-devel-linux-x86_64-fedora-clang, r-release-osx-x86_64, r-oldrel-osx-x86_64