CRAN Package Check Results for Package Luminescence

Last updated on 2020-01-27 00:48:07 CET.

Flavor Version Tinstall Tcheck Ttotal Status Flags
r-devel-linux-x86_64-debian-clang 0.9.7 100.52 344.02 444.54 OK
r-devel-linux-x86_64-debian-gcc 0.9.7 73.61 257.21 330.82 OK
r-devel-linux-x86_64-fedora-clang 0.9.7 530.27 NOTE
r-devel-linux-x86_64-fedora-gcc 0.9.7 519.48 OK
r-devel-windows-ix86+x86_64 0.9.7 174.00 658.00 832.00 NOTE
r-devel-windows-ix86+x86_64-gcc8 0.9.7 234.00 510.00 744.00 NOTE
r-patched-linux-x86_64 0.9.7 76.34 301.39 377.73 OK
r-patched-solaris-x86 0.9.7 571.10 NOTE
r-release-linux-x86_64 0.9.7 78.65 298.64 377.29 OK
r-release-windows-ix86+x86_64 0.9.7 138.00 438.00 576.00 NOTE
r-release-osx-x86_64 0.9.7 NOTE
r-oldrel-windows-ix86+x86_64 0.9.7 122.00 384.00 506.00 NOTE
r-oldrel-osx-x86_64 0.9.7 NOTE

Check Details

Version: 0.9.7
Check: installed package size
Result: NOTE
     installed size is 6.0Mb
     sub-directories of 1Mb or more:
     R 1.6Mb
     help 1.1Mb
     libs 1.6Mb
Flavors: r-devel-linux-x86_64-fedora-clang, r-devel-windows-ix86+x86_64, r-devel-windows-ix86+x86_64-gcc8, r-patched-solaris-x86, r-release-windows-ix86+x86_64, r-release-osx-x86_64, r-oldrel-windows-ix86+x86_64, r-oldrel-osx-x86_64