CRAN Package Check Results for Package LilRhino

Last updated on 2020-01-27 00:48:07 CET.

Flavor Version Tinstall Tcheck Ttotal Status Flags
r-devel-linux-x86_64-debian-clang 1.2.0 6.89 57.84 64.73 OK
r-devel-linux-x86_64-debian-gcc 1.2.0 5.77 43.55 49.32 OK
r-devel-linux-x86_64-fedora-clang 1.2.0 77.54 NOTE
r-devel-linux-x86_64-fedora-gcc 1.2.0 74.19 NOTE
r-devel-windows-ix86+x86_64 1.2.0 34.00 114.00 148.00 OK
r-devel-windows-ix86+x86_64-gcc8 1.2.0 40.00 80.00 120.00 OK
r-patched-linux-x86_64 1.2.0 5.41 50.92 56.33 OK
r-patched-solaris-x86 1.2.0 108.30 NOTE
r-release-linux-x86_64 1.2.0 6.53 51.74 58.27 OK
r-release-windows-ix86+x86_64 1.2.0 11.00 73.00 84.00 OK
r-release-osx-x86_64 1.2.0 NOTE
r-oldrel-windows-ix86+x86_64 1.2.0 8.00 108.00 116.00 ERROR
r-oldrel-osx-x86_64 1.2.0 ERROR

Check Details

Version: 1.2.0
Check: dependencies in R code
Result: NOTE
    Namespaces in Imports field not imported from:
     ‘SnowballC’ ‘data.table’ ‘e1071’ ‘fastmatch’
     All declared Imports should be used.
Flavors: r-devel-linux-x86_64-fedora-clang, r-devel-linux-x86_64-fedora-gcc, r-patched-solaris-x86, r-release-osx-x86_64, r-oldrel-osx-x86_64

Version: 1.2.0
Check: examples
Result: ERROR
    Running examples in 'LilRhino-Ex.R' failed
    The error most likely occurred in:
    
    > ### Name: Random_Brains
    > ### Title: Random Brains: Neural Network Implementation of Random Forest
    > ### Aliases: Random_Brains
    >
    > ### ** Examples
    >
    >
    > dat = Cross_val_maker(iris, .2)
    >
    > train = dat$Train
    > test = dat$Test
    >
    > Final_Test = Random_Brains(train[,-5],
    + train$Species, as.matrix(test[,-5]),
    + variables = 3, brains = 2)
    Warning: Algorithm did not converge in 1 of 1 repetition(s) within the stepmax.
    Error in cbind(1, pred) %*% weights[[num_hidden_layers + 1]] :
     requires numeric/complex matrix/vector arguments
    Calls: Random_Brains -> apply -> predict -> predict.nn
    Execution halted
Flavors: r-oldrel-windows-ix86+x86_64, r-oldrel-osx-x86_64