Last updated on 2020-01-27 00:48:06 CET.
Flavor | Version | Tinstall | Tcheck | Ttotal | Status | Flags |
---|---|---|---|---|---|---|
r-devel-linux-x86_64-debian-clang | 16.1.1 | 46.61 | 259.62 | 306.23 | NOTE | |
r-devel-linux-x86_64-debian-gcc | 16.1.1 | 42.71 | 193.80 | 236.51 | NOTE | |
r-devel-linux-x86_64-fedora-clang | 16.1.1 | 372.05 | NOTE | |||
r-devel-linux-x86_64-fedora-gcc | 16.1.1 | 365.58 | NOTE | |||
r-devel-windows-ix86+x86_64 | 16.1.1 | 87.00 | 347.00 | 434.00 | NOTE | |
r-devel-windows-ix86+x86_64-gcc8 | 16.1.1 | 85.00 | 349.00 | 434.00 | NOTE | |
r-patched-linux-x86_64 | 16.1.1 | 40.23 | 235.99 | 276.22 | OK | |
r-patched-solaris-x86 | 16.1.1 | 365.70 | NOTE | |||
r-release-linux-x86_64 | 16.1.1 | 37.78 | 234.95 | 272.73 | OK | |
r-release-windows-ix86+x86_64 | 16.1.1 | 56.00 | 276.00 | 332.00 | NOTE | |
r-release-osx-x86_64 | 16.1.1 | NOTE | ||||
r-oldrel-windows-ix86+x86_64 | 16.1.1 | 51.00 | 292.00 | 343.00 | NOTE | |
r-oldrel-osx-x86_64 | 16.1.1 | NOTE |
Version: 16.1.1
Check: for non-standard things in the check directory
Result: NOTE
Found the following files/directories:
'X.csv'
Flavors: r-devel-linux-x86_64-debian-clang, r-devel-linux-x86_64-debian-gcc, r-devel-linux-x86_64-fedora-clang, r-devel-linux-x86_64-fedora-gcc
Version: 16.1.1
Check: installed package size
Result: NOTE
installed size is 5.3Mb
sub-directories of 1Mb or more:
R 1.5Mb
doc 2.4Mb
help 1.1Mb
Flavors: r-devel-linux-x86_64-fedora-clang, r-devel-windows-ix86+x86_64, r-devel-windows-ix86+x86_64-gcc8, r-patched-solaris-x86, r-release-windows-ix86+x86_64, r-release-osx-x86_64, r-oldrel-windows-ix86+x86_64, r-oldrel-osx-x86_64