CRAN Package Check Results for Package LSDinterface

Last updated on 2020-01-27 00:48:07 CET.

Flavor Version Tinstall Tcheck Ttotal Status Flags
r-devel-linux-x86_64-debian-clang 0.4.0 2.30 22.47 24.77 OK
r-devel-linux-x86_64-debian-gcc 0.4.0 2.06 17.65 19.71 OK
r-devel-linux-x86_64-fedora-clang 0.4.0 30.70 NOTE
r-devel-linux-x86_64-fedora-gcc 0.4.0 29.30 NOTE
r-devel-windows-ix86+x86_64 0.4.0 10.00 50.00 60.00 OK
r-devel-windows-ix86+x86_64-gcc8 0.4.0 7.00 36.00 43.00 OK
r-patched-linux-x86_64 0.4.0 2.03 20.44 22.47 OK
r-patched-solaris-x86 0.4.0 41.70 NOTE
r-release-linux-x86_64 0.4.0 2.19 20.32 22.51 OK
r-release-windows-ix86+x86_64 0.4.0 6.00 55.00 61.00 OK
r-release-osx-x86_64 0.4.0 NOTE
r-oldrel-windows-ix86+x86_64 0.4.0 4.00 32.00 36.00 OK
r-oldrel-osx-x86_64 0.4.0 NOTE

Check Details

Version: 0.4.0
Check: dependencies in R code
Result: NOTE
    Namespace in Imports field not imported from: ‘utils’
     All declared Imports should be used.
Flavors: r-devel-linux-x86_64-fedora-clang, r-devel-linux-x86_64-fedora-gcc, r-patched-solaris-x86, r-release-osx-x86_64, r-oldrel-osx-x86_64