CRAN Package Check Results for Package LS2Wstat

Last updated on 2020-01-27 00:48:07 CET.

Flavor Version Tinstall Tcheck Ttotal Status Flags
r-devel-linux-x86_64-debian-clang 2.1-1 13.82 108.42 122.24 OK
r-devel-linux-x86_64-debian-gcc 2.1-1 11.87 85.08 96.95 OK
r-devel-linux-x86_64-fedora-clang 2.1-1 150.26 WARN
r-devel-linux-x86_64-fedora-gcc 2.1-1 149.23 OK
r-devel-windows-ix86+x86_64 2.1-1 35.00 165.00 200.00 OK
r-devel-windows-ix86+x86_64-gcc8 2.1-1 36.00 154.00 190.00 OK
r-patched-linux-x86_64 2.1-1 11.04 98.25 109.29 OK
r-patched-solaris-x86 2.1-1 251.60 OK
r-release-linux-x86_64 2.1-1 11.51 98.01 109.52 OK
r-release-windows-ix86+x86_64 2.1-1 22.00 101.00 123.00 OK
r-release-osx-x86_64 2.1-1 FAIL
r-oldrel-windows-ix86+x86_64 2.1-1 11.00 96.00 107.00 OK
r-oldrel-osx-x86_64 2.1-1 OK

Check Details

Version: 2.1-1
Check: package dependencies
Result: WARN
    Requires orphaned package: ‘geoR’
Flavor: r-devel-linux-x86_64-fedora-clang

Version: 2.1-1
Check: whether package can be installed
Result: FAIL
Flavor: r-release-osx-x86_64