CRAN Package Check Results for Package LRcontrast

Last updated on 2020-01-27 00:48:07 CET.

Flavor Version Tinstall Tcheck Ttotal Status Flags
r-devel-linux-x86_64-debian-clang 1.0 3.28 25.30 28.58 OK
r-devel-linux-x86_64-debian-gcc 1.0 2.67 19.50 22.17 OK
r-devel-linux-x86_64-fedora-clang 1.0 34.96 NOTE
r-devel-linux-x86_64-fedora-gcc 1.0 33.86 NOTE
r-devel-windows-ix86+x86_64 1.0 17.00 64.00 81.00 OK
r-devel-windows-ix86+x86_64-gcc8 1.0 14.00 60.00 74.00 OK
r-patched-linux-x86_64 1.0 2.23 22.63 24.86 OK
r-patched-solaris-x86 1.0 45.30 OK
r-release-linux-x86_64 1.0 2.83 22.53 25.36 OK
r-release-windows-ix86+x86_64 1.0 8.00 44.00 52.00 OK
r-release-osx-x86_64 1.0 OK
r-oldrel-windows-ix86+x86_64 1.0 6.00 64.00 70.00 OK
r-oldrel-osx-x86_64 1.0 OK

Check Details

Version: 1.0
Check: compiled code
Result: NOTE
    File ‘LRcontrast/libs/LRcontrast.so’:
     Found no calls to: ‘R_registerRoutines’, ‘R_useDynamicSymbols’
    
    It is good practice to register native routines and to disable symbol
    search.
    
    See ‘Writing portable packages’ in the ‘Writing R Extensions’ manual.
Flavors: r-devel-linux-x86_64-fedora-clang, r-devel-linux-x86_64-fedora-gcc