Last updated on 2020-01-27 00:48:07 CET.
Flavor | Version | Tinstall | Tcheck | Ttotal | Status | Flags |
---|---|---|---|---|---|---|
r-devel-linux-x86_64-debian-clang | 1.3 | 7.07 | 55.73 | 62.80 | OK | |
r-devel-linux-x86_64-debian-gcc | 1.3 | 5.76 | 44.53 | 50.29 | OK | |
r-devel-linux-x86_64-fedora-clang | 1.3 | 75.90 | OK | |||
r-devel-linux-x86_64-fedora-gcc | 1.3 | 73.67 | OK | |||
r-devel-windows-ix86+x86_64 | 1.3 | 30.00 | 100.00 | 130.00 | OK | |
r-devel-windows-ix86+x86_64-gcc8 | 1.3 | 38.00 | 79.00 | 117.00 | OK | |
r-patched-linux-x86_64 | 1.3 | 5.47 | 49.03 | 54.50 | OK | |
r-patched-solaris-x86 | 1.3 | 101.20 | OK | |||
r-release-linux-x86_64 | 1.3 | 5.22 | 49.16 | 54.38 | OK | |
r-release-windows-ix86+x86_64 | 1.3 | 11.00 | 65.00 | 76.00 | OK | |
r-release-osx-x86_64 | 1.3 | WARN | ||||
r-oldrel-windows-ix86+x86_64 | 1.3 | 9.00 | 57.00 | 66.00 | OK | |
r-oldrel-osx-x86_64 | 1.3 | OK |
Version: 1.3
Check: whether package can be installed
Result: WARN
Found the following significant warnings:
Warning: 'rgl_init' failed, running with rgl.useNULL = TRUE
Flavor: r-release-osx-x86_64
Version: 1.3
Check: dependencies in R code
Result: NOTE
No protocol specified
Flavor: r-release-osx-x86_64
Version: 1.3
Check: S3 generic/method consistency
Result: WARN
No protocol specified
See section ‘Generic functions and methods’ in the ‘Writing R
Extensions’ manual.
Flavor: r-release-osx-x86_64
Version: 1.3
Check: replacement functions
Result: WARN
No protocol specified
The argument of a replacement function which corresponds to the right
hand side must be named ‘value’.
Flavor: r-release-osx-x86_64
Version: 1.3
Check: foreign function calls
Result: NOTE
No protocol specified
See chapter ‘System and foreign language interfaces’ in the ‘Writing R
Extensions’ manual.
Flavor: r-release-osx-x86_64
Version: 1.3
Check: R code for possible problems
Result: NOTE
No protocol specified
Flavor: r-release-osx-x86_64
Version: 1.3
Check: for missing documentation entries
Result: WARN
No protocol specified
All user-level objects in a package should have documentation entries.
See chapter ‘Writing R documentation files’ in the ‘Writing R
Extensions’ manual.
Flavor: r-release-osx-x86_64
Version: 1.3
Check: for code/documentation mismatches
Result: WARN
No protocol specified
No protocol specified
No protocol specified
Flavor: r-release-osx-x86_64
Version: 1.3
Check: Rd \usage sections
Result: NOTE
No protocol specified
The \usage entries for S3 methods should use the \method markup and not
their full name.
See chapter ‘Writing R documentation files’ in the ‘Writing R
Extensions’ manual.
Flavor: r-release-osx-x86_64