CRAN Package Check Results for Package LEANR

Last updated on 2020-01-27 00:48:07 CET.

Flavor Version Tinstall Tcheck Ttotal Status Flags
r-devel-linux-x86_64-debian-clang 1.4.9 7.85 165.34 173.19 OK
r-devel-linux-x86_64-debian-gcc 1.4.9 6.86 122.67 129.53 OK
r-devel-linux-x86_64-fedora-clang 1.4.9 197.60 OK
r-devel-linux-x86_64-fedora-gcc 1.4.9 196.89 OK
r-devel-windows-ix86+x86_64 1.4.9 16.00 254.00 270.00 NOTE
r-devel-windows-ix86+x86_64-gcc8 1.4.9 16.00 253.00 269.00 NOTE
r-patched-linux-x86_64 1.4.9 7.55 143.08 150.63 OK
r-patched-solaris-x86 1.4.9 232.60 OK
r-release-linux-x86_64 1.4.9 8.54 140.14 148.68 OK
r-release-windows-ix86+x86_64 1.4.9 12.00 156.00 168.00 NOTE
r-release-osx-x86_64 1.4.9 OK
r-oldrel-windows-ix86+x86_64 1.4.9 8.00 167.00 175.00 NOTE
r-oldrel-osx-x86_64 1.4.9 OK

Check Details

Version: 1.4.9
Check: package dependencies
Result: NOTE
    Package suggested but not available for checking: 'doMC'
Flavors: r-devel-windows-ix86+x86_64, r-devel-windows-ix86+x86_64-gcc8, r-release-windows-ix86+x86_64, r-oldrel-windows-ix86+x86_64