CRAN Package Check Results for Package LDPD

Last updated on 2020-01-27 00:48:07 CET.

Flavor Version Tinstall Tcheck Ttotal Status Flags
r-devel-linux-x86_64-debian-clang 1.1.2 2.32 20.83 23.15 NOTE
r-devel-linux-x86_64-debian-gcc 1.1.2 1.78 16.53 18.31 NOTE
r-devel-linux-x86_64-fedora-clang 1.1.2 29.08 NOTE
r-devel-linux-x86_64-fedora-gcc 1.1.2 27.94 NOTE
r-devel-windows-ix86+x86_64 1.1.2 9.00 53.00 62.00 NOTE
r-devel-windows-ix86+x86_64-gcc8 1.1.2 9.00 44.00 53.00 NOTE
r-patched-linux-x86_64 1.1.2 1.75 19.22 20.97 NOTE
r-patched-solaris-x86 1.1.2 41.00 NOTE
r-release-linux-x86_64 1.1.2 1.81 19.33 21.14 NOTE
r-release-windows-ix86+x86_64 1.1.2 4.00 35.00 39.00 NOTE
r-release-osx-x86_64 1.1.2 NOTE
r-oldrel-windows-ix86+x86_64 1.1.2 3.00 49.00 52.00 NOTE
r-oldrel-osx-x86_64 1.1.2 NOTE

Check Details

Version: 1.1.2
Check: R code for possible problems
Result: NOTE
    ARConfIntEst: no visible global function definition for 'sd'
    PTLinkFunc: no visible global function definition for 'pnorm'
    PTLinkFunc: no visible global function definition for 'qnorm'
    PTMultiPeriodPD: no visible global function definition for 'uniroot'
    PTOnePeriodPD : f: no visible global function definition for 'pbinom'
    PTOnePeriodPD: no visible global function definition for 'uniroot'
    QMMGetRLogitPD: no visible global function definition for 'ecdf'
    QMMPDlinkFunc: no visible global function definition for 'qnorm'
    QMMPlot: no visible global function definition for 'plot'
    QMMPlot: no visible global function definition for 'lines'
    QMMPlot: no visible global function definition for 'legend'
    VDBCalibratePD: no visible global function definition for 'ecdf'
    VDBGetK: no visible global function definition for 'uniroot'
    Undefined global functions or variables:
     ecdf legend lines pbinom plot pnorm qnorm sd uniroot
    Consider adding
     importFrom("graphics", "legend", "lines", "plot")
     importFrom("stats", "ecdf", "pbinom", "pnorm", "qnorm", "sd",
     "uniroot")
    to your NAMESPACE file.
Flavors: r-devel-linux-x86_64-debian-clang, r-devel-linux-x86_64-debian-gcc, r-devel-linux-x86_64-fedora-clang, r-devel-linux-x86_64-fedora-gcc, r-devel-windows-ix86+x86_64, r-devel-windows-ix86+x86_64-gcc8, r-patched-linux-x86_64, r-patched-solaris-x86, r-release-linux-x86_64, r-release-windows-ix86+x86_64, r-release-osx-x86_64, r-oldrel-windows-ix86+x86_64, r-oldrel-osx-x86_64