Last updated on 2020-01-27 00:48:07 CET.
Flavor | Version | Tinstall | Tcheck | Ttotal | Status | Flags |
---|---|---|---|---|---|---|
r-devel-linux-x86_64-debian-clang | 1.0 | 5.79 | 77.17 | 82.96 | NOTE | |
r-devel-linux-x86_64-debian-gcc | 1.0 | 5.28 | 57.76 | 63.04 | NOTE | |
r-devel-linux-x86_64-fedora-clang | 1.0 | 96.04 | NOTE | |||
r-devel-linux-x86_64-fedora-gcc | 1.0 | 94.67 | NOTE | |||
r-devel-windows-ix86+x86_64 | 1.0 | 17.00 | 115.00 | 132.00 | NOTE | |
r-devel-windows-ix86+x86_64-gcc8 | 1.0 | 18.00 | 113.00 | 131.00 | NOTE | |
r-patched-linux-x86_64 | 1.0 | 4.87 | 66.16 | 71.03 | NOTE | |
r-patched-solaris-x86 | 1.0 | 115.10 | NOTE | |||
r-release-linux-x86_64 | 1.0 | 5.12 | 66.74 | 71.86 | NOTE | |
r-release-windows-ix86+x86_64 | 1.0 | 10.00 | 78.00 | 88.00 | NOTE | |
r-release-osx-x86_64 | 1.0 | NOTE | ||||
r-oldrel-windows-ix86+x86_64 | 1.0 | 6.00 | 94.00 | 100.00 | NOTE | |
r-oldrel-osx-x86_64 | 1.0 | NOTE |
Version: 1.0
Check: DESCRIPTION meta-information
Result: NOTE
Malformed Title field: should not end in a period.
Flavors: r-devel-linux-x86_64-debian-clang, r-devel-linux-x86_64-debian-gcc, r-devel-linux-x86_64-fedora-clang, r-devel-linux-x86_64-fedora-gcc, r-devel-windows-ix86+x86_64, r-devel-windows-ix86+x86_64-gcc8, r-patched-linux-x86_64, r-patched-solaris-x86, r-release-linux-x86_64, r-release-windows-ix86+x86_64, r-release-osx-x86_64, r-oldrel-windows-ix86+x86_64, r-oldrel-osx-x86_64
Version: 1.0
Check: top-level files
Result: NOTE
Non-standard file/directory found at top level:
'LDOD.Rproj'
Flavors: r-devel-linux-x86_64-debian-clang, r-devel-linux-x86_64-debian-gcc, r-devel-linux-x86_64-fedora-clang, r-devel-linux-x86_64-fedora-gcc, r-patched-linux-x86_64, r-release-linux-x86_64
Version: 1.0
Check: R code for possible problems
Result: NOTE
multistart : <anonymous>: no visible global function definition for
'runif'
plot.FreD.x: no visible global function definition for 'modifyList'
plot.FreD.x: no visible global function definition for 'abline'
plot.FreD.x: no visible global function definition for 'points'
Undefined global functions or variables:
abline modifyList points runif
Consider adding
importFrom("graphics", "abline", "points")
importFrom("stats", "runif")
importFrom("utils", "modifyList")
to your NAMESPACE file.
Flavors: r-devel-linux-x86_64-debian-clang, r-devel-linux-x86_64-debian-gcc, r-devel-linux-x86_64-fedora-clang, r-devel-linux-x86_64-fedora-gcc, r-devel-windows-ix86+x86_64, r-devel-windows-ix86+x86_64-gcc8, r-patched-linux-x86_64, r-patched-solaris-x86, r-release-linux-x86_64, r-release-windows-ix86+x86_64, r-release-osx-x86_64, r-oldrel-windows-ix86+x86_64, r-oldrel-osx-x86_64