CRAN Package Check Results for Package KernSmooth

Last updated on 2020-01-27 00:48:06 CET.

Flavor Version Tinstall Tcheck Ttotal Status Flags
r-devel-linux-x86_64-debian-clang 2.23-16 3.30 23.47 26.77 OK
r-devel-linux-x86_64-debian-gcc 2.23-16 3.32 18.55 21.87 OK
r-devel-linux-x86_64-fedora-clang 2.23-16 35.07 OK
r-devel-linux-x86_64-fedora-gcc 2.23-16 34.03 OK
r-devel-windows-ix86+x86_64 2.23-16 30.00 67.00 97.00 OK
r-devel-windows-ix86+x86_64-gcc8 2.23-16 22.00 60.00 82.00 OK
r-patched-linux-x86_64 2.23-16 3.82 21.49 25.31 OK
r-patched-solaris-x86 2.23-16 OK
r-release-linux-x86_64 2.23-16 3.62 21.83 25.45 OK
r-release-windows-ix86+x86_64 2.23-16 1.00 6.00 7.00 ERROR
r-release-osx-x86_64 2.23-16 OK
r-oldrel-windows-ix86+x86_64 2.23-16 17.00 60.00 77.00 OK
r-oldrel-osx-x86_64 2.23-16 OK

Check Details

Version: 2.23-16
Check: whether package can be installed
Result: ERROR
    Installation failed.
Flavor: r-release-windows-ix86+x86_64