Last updated on 2020-01-27 00:48:06 CET.
Flavor | Version | Tinstall | Tcheck | Ttotal | Status | Flags |
---|---|---|---|---|---|---|
r-devel-linux-x86_64-debian-clang | 0.3 | 3.87 | 36.18 | 40.05 | NOTE | |
r-devel-linux-x86_64-debian-gcc | 0.3 | 3.48 | 29.38 | 32.86 | NOTE | |
r-devel-linux-x86_64-fedora-clang | 0.3 | 48.10 | NOTE | |||
r-devel-linux-x86_64-fedora-gcc | 0.3 | 47.47 | NOTE | |||
r-devel-windows-ix86+x86_64 | 0.3 | 20.00 | 105.00 | 125.00 | NOTE | |
r-devel-windows-ix86+x86_64-gcc8 | 0.3 | 24.00 | 87.00 | 111.00 | NOTE | |
r-patched-linux-x86_64 | 0.3 | 2.99 | 32.68 | 35.67 | NOTE | |
r-patched-solaris-x86 | 0.3 | 78.40 | NOTE | |||
r-release-linux-x86_64 | 0.3 | 2.91 | 32.55 | 35.46 | NOTE | |
r-release-windows-ix86+x86_64 | 0.3 | 9.00 | 62.00 | 71.00 | NOTE | |
r-release-osx-x86_64 | 0.3 | NOTE | ||||
r-oldrel-windows-ix86+x86_64 | 0.3 | 7.00 | 90.00 | 97.00 | NOTE | |
r-oldrel-osx-x86_64 | 0.3 | NOTE |
Version: 0.3
Check: DESCRIPTION meta-information
Result: NOTE
Malformed Title field: should not end in a period.
Flavors: r-devel-linux-x86_64-debian-clang, r-devel-linux-x86_64-debian-gcc, r-devel-linux-x86_64-fedora-clang, r-devel-linux-x86_64-fedora-gcc, r-devel-windows-ix86+x86_64, r-devel-windows-ix86+x86_64-gcc8, r-patched-linux-x86_64, r-patched-solaris-x86, r-release-linux-x86_64, r-release-windows-ix86+x86_64, r-release-osx-x86_64, r-oldrel-windows-ix86+x86_64, r-oldrel-osx-x86_64
Version: 0.3
Check: R code for possible problems
Result: NOTE
KappaV: no visible global function definition for 'over'
KappaV: no visible global function definition for 'layout'
KappaV: no visible global function definition for 'terrain.colors'
KappaV: no visible global function definition for 'as'
Undefined global functions or variables:
as layout over terrain.colors
Consider adding
importFrom("grDevices", "terrain.colors")
importFrom("graphics", "layout")
importFrom("methods", "as")
to your NAMESPACE file (and ensure that your DESCRIPTION Imports field
contains 'methods').
Flavors: r-devel-linux-x86_64-debian-clang, r-devel-linux-x86_64-debian-gcc, r-devel-linux-x86_64-fedora-clang, r-devel-linux-x86_64-fedora-gcc, r-devel-windows-ix86+x86_64, r-devel-windows-ix86+x86_64-gcc8, r-patched-linux-x86_64, r-patched-solaris-x86, r-release-linux-x86_64, r-release-windows-ix86+x86_64, r-release-osx-x86_64, r-oldrel-windows-ix86+x86_64, r-oldrel-osx-x86_64