CRAN Package Check Results for Package KSgeneral

Last updated on 2020-01-27 00:48:06 CET.

Flavor Version Tinstall Tcheck Ttotal Status Flags
r-devel-linux-x86_64-debian-clang 0.1.1 37.11 34.25 71.36 WARN
r-devel-linux-x86_64-debian-gcc 0.1.1 23.01 26.49 49.50 WARN
r-devel-linux-x86_64-fedora-clang 0.1.1 103.08 WARN
r-devel-linux-x86_64-fedora-gcc 0.1.1 86.18 WARN
r-devel-windows-ix86+x86_64 0.1.1 101.00 99.00 200.00 OK
r-devel-windows-ix86+x86_64-gcc8 0.1.1 99.00 78.00 177.00 OK
r-patched-linux-x86_64 0.1.1 24.88 31.42 56.30 OK
r-patched-solaris-x86 0.1.1 83.20 OK
r-release-linux-x86_64 0.1.1 26.86 31.05 57.91 OK
r-release-windows-ix86+x86_64 0.1.1 67.00 67.00 134.00 OK
r-release-osx-x86_64 0.1.1 OK
r-oldrel-windows-ix86+x86_64 0.1.1 72.00 72.00 144.00 OK
r-oldrel-osx-x86_64 0.1.1 OK

Check Details

Version: 0.1.1
Check: whether package can be installed
Result: WARN
    Found the following significant warnings:
     'config' variable 'CPP' is deprecated
Flavors: r-devel-linux-x86_64-debian-clang, r-devel-linux-x86_64-debian-gcc, r-devel-linux-x86_64-fedora-clang, r-devel-linux-x86_64-fedora-gcc