CRAN Package Check Results for Package JointNets

Last updated on 2020-01-27 00:48:06 CET.

Flavor Version Tinstall Tcheck Ttotal Status Flags
r-devel-linux-x86_64-debian-clang 2.0.1 10.25 81.30 91.55 OK
r-devel-linux-x86_64-debian-gcc 2.0.1 8.74 63.51 72.25 OK
r-devel-linux-x86_64-fedora-clang 2.0.1 108.55 OK
r-devel-linux-x86_64-fedora-gcc 2.0.1 111.17 OK
r-devel-windows-ix86+x86_64 2.0.1 44.00 150.00 194.00 OK
r-devel-windows-ix86+x86_64-gcc8 2.0.1 29.00 116.00 145.00 OK
r-patched-linux-x86_64 2.0.1 8.50 74.26 82.76 NOTE
r-patched-solaris-x86 2.0.1 142.50 OK
r-release-linux-x86_64 2.0.1 8.98 73.75 82.73 NOTE
r-release-windows-ix86+x86_64 2.0.1 14.00 100.00 114.00 OK
r-release-osx-x86_64 2.0.1 OK
r-oldrel-windows-ix86+x86_64 2.0.1 10.00 89.00 99.00 OK
r-oldrel-osx-x86_64 2.0.1 OK

Check Details

Version: 2.0.1
Check: DESCRIPTION meta-information
Result: NOTE
    Dependence on R version ‘3.4.4’ not with patchlevel 0
Flavors: r-patched-linux-x86_64, r-release-linux-x86_64