Last updated on 2020-01-27 00:48:06 CET.
Flavor | Version | Tinstall | Tcheck | Ttotal | Status | Flags |
---|---|---|---|---|---|---|
r-devel-linux-x86_64-debian-clang | 1.1.9 | 22.27 | 45.59 | 67.86 | NOTE | |
r-devel-linux-x86_64-debian-gcc | 1.1.9 | 14.57 | 35.16 | 49.73 | NOTE | |
r-devel-linux-x86_64-fedora-clang | 1.1.9 | 86.80 | NOTE | |||
r-devel-linux-x86_64-fedora-gcc | 1.1.9 | 83.44 | NOTE | |||
r-devel-windows-ix86+x86_64 | 1.1.9 | 52.00 | 144.00 | 196.00 | OK | |
r-devel-windows-ix86+x86_64-gcc8 | 1.1.9 | 61.00 | 109.00 | 170.00 | OK | |
r-patched-linux-x86_64 | 1.1.9 | 16.16 | 40.50 | 56.66 | OK | |
r-patched-solaris-x86 | 1.1.9 | 103.60 | OK | |||
r-release-linux-x86_64 | 1.1.9 | 16.57 | 41.00 | 57.57 | OK | |
r-release-windows-ix86+x86_64 | 1.1.9 | 40.00 | 102.00 | 142.00 | OK | |
r-release-osx-x86_64 | 1.1.9 | OK | ||||
r-oldrel-windows-ix86+x86_64 | 1.1.9 | 35.00 | 100.00 | 135.00 | OK | |
r-oldrel-osx-x86_64 | 1.1.9 | OK |
Version: 1.1.9
Check: for non-standard things in the check directory
Result: NOTE
Found the following files/directories:
'Error_Estimation_Response_1.tiff' 'Error_Estimation_Response_2.tiff'
'Error_Estimation_Response_3.tiff'
Flavors: r-devel-linux-x86_64-debian-clang, r-devel-linux-x86_64-debian-gcc, r-devel-linux-x86_64-fedora-clang, r-devel-linux-x86_64-fedora-gcc