CRAN Package Check Results for Package IPWboxplot

Last updated on 2020-01-27 00:48:06 CET.

Flavor Version Tinstall Tcheck Ttotal Status Flags
r-devel-linux-x86_64-debian-clang 0.1.0 2.70 34.91 37.61 NOTE
r-devel-linux-x86_64-debian-gcc 0.1.0 1.86 27.29 29.15 NOTE
r-devel-linux-x86_64-fedora-clang 0.1.0 46.68 OK
r-devel-linux-x86_64-fedora-gcc 0.1.0 45.12 OK
r-devel-windows-ix86+x86_64 0.1.0 11.00 67.00 78.00 NOTE
r-devel-windows-ix86+x86_64-gcc8 0.1.0 8.00 71.00 79.00 NOTE
r-patched-linux-x86_64 0.1.0 2.12 31.72 33.84 OK
r-patched-solaris-x86 0.1.0 56.10 OK
r-release-linux-x86_64 0.1.0 1.91 31.84 33.75 OK
r-release-windows-ix86+x86_64 0.1.0 5.00 48.00 53.00 OK
r-release-osx-x86_64 0.1.0 OK
r-oldrel-windows-ix86+x86_64 0.1.0 4.00 41.00 45.00 OK
r-oldrel-osx-x86_64 0.1.0 OK

Check Details

Version: 0.1.0
Check: package vignettes
Result: NOTE
    Package vignette with placeholder title 'Vignette Title':
     'my-vignette.Rmd'
Flavors: r-devel-linux-x86_64-debian-clang, r-devel-linux-x86_64-debian-gcc, r-devel-windows-ix86+x86_64, r-devel-windows-ix86+x86_64-gcc8