Last updated on 2020-01-27 00:48:06 CET.
Flavor | Version | Tinstall | Tcheck | Ttotal | Status | Flags |
---|---|---|---|---|---|---|
r-devel-linux-x86_64-debian-clang | 1.1.5 | 16.56 | 174.43 | 190.99 | OK | |
r-devel-linux-x86_64-debian-gcc | 1.1.5 | 14.54 | 133.77 | 148.31 | OK | |
r-devel-linux-x86_64-fedora-clang | 1.1.5 | 233.00 | WARN | |||
r-devel-linux-x86_64-fedora-gcc | 1.1.5 | 230.24 | NOTE | |||
r-devel-windows-ix86+x86_64 | 1.1.5 | 48.00 | 227.00 | 275.00 | NOTE | |
r-devel-windows-ix86+x86_64-gcc8 | 1.1.5 | 60.00 | 237.00 | 297.00 | NOTE | |
r-patched-linux-x86_64 | 1.1.5 | 15.11 | 167.55 | 182.66 | OK | |
r-patched-solaris-x86 | 1.1.5 | 352.00 | NOTE | |||
r-release-linux-x86_64 | 1.1.5 | 16.22 | 157.08 | 173.30 | OK | |
r-release-windows-ix86+x86_64 | 1.1.5 | 42.00 | 158.00 | 200.00 | NOTE | |
r-release-osx-x86_64 | 1.1.5 | NOTE | ||||
r-oldrel-windows-ix86+x86_64 | 1.1.5 | 31.00 | 140.00 | 171.00 | NOTE | |
r-oldrel-osx-x86_64 | 1.1.5 | NOTE |
Version: 1.1.5
Check: package dependencies
Result: WARN
Requires orphaned package: ‘Rmixmod’
Flavor: r-devel-linux-x86_64-fedora-clang
Version: 1.1.5
Check: installed package size
Result: NOTE
installed size is 9.1Mb
sub-directories of 1Mb or more:
data 1.4Mb
extdata 7.5Mb
Flavors: r-devel-linux-x86_64-fedora-clang, r-devel-windows-ix86+x86_64, r-devel-windows-ix86+x86_64-gcc8, r-patched-solaris-x86, r-release-windows-ix86+x86_64, r-release-osx-x86_64, r-oldrel-windows-ix86+x86_64, r-oldrel-osx-x86_64
Version: 1.1.5
Check: dependencies in R code
Result: NOTE
Namespaces in Imports field not imported from:
‘Matrix’ ‘expm’
All declared Imports should be used.
Flavors: r-devel-linux-x86_64-fedora-clang, r-devel-linux-x86_64-fedora-gcc, r-patched-solaris-x86, r-release-osx-x86_64, r-oldrel-osx-x86_64