CRAN Package Check Results for Package IMWatson

Last updated on 2020-01-27 00:48:05 CET.

Flavor Version Tinstall Tcheck Ttotal Status Flags
r-devel-linux-x86_64-debian-clang 0.5.0 2.82 18.89 21.71 OK
r-devel-linux-x86_64-debian-gcc 0.5.0 2.14 15.29 17.43 OK
r-devel-linux-x86_64-fedora-clang 0.5.0 27.63 NOTE
r-devel-linux-x86_64-fedora-gcc 0.5.0 27.45 NOTE
r-devel-windows-ix86+x86_64 0.5.0 8.00 42.00 50.00 OK
r-devel-windows-ix86+x86_64-gcc8 0.5.0 10.00 50.00 60.00 OK
r-patched-linux-x86_64 0.5.0 2.48 17.72 20.20 OK
r-patched-solaris-x86 0.5.0 39.30 NOTE
r-release-linux-x86_64 0.5.0 2.51 17.77 20.28 OK
r-release-windows-ix86+x86_64 0.5.0 6.00 32.00 38.00 OK
r-release-osx-x86_64 0.5.0 NOTE
r-oldrel-windows-ix86+x86_64 0.5.0 4.00 29.00 33.00 OK
r-oldrel-osx-x86_64 0.5.0 NOTE

Check Details

Version: 0.5.0
Check: dependencies in R code
Result: NOTE
    Namespaces in Imports field not imported from:
     ‘R6’ ‘V8’ ‘assertive’ ‘shinydashboard’
     All declared Imports should be used.
Flavors: r-devel-linux-x86_64-fedora-clang, r-devel-linux-x86_64-fedora-gcc, r-patched-solaris-x86, r-release-osx-x86_64, r-oldrel-osx-x86_64