CRAN Package Check Results for Package ICSShiny

Last updated on 2020-01-27 00:48:05 CET.

Flavor Version Tinstall Tcheck Ttotal Status Flags
r-devel-linux-x86_64-debian-clang 0.5 10.28 83.12 93.40 OK
r-devel-linux-x86_64-debian-gcc 0.5 0.32 1.78 2.10 ERROR
r-devel-linux-x86_64-fedora-clang 0.5 112.10 OK
r-devel-linux-x86_64-fedora-gcc 0.5 114.68 OK
r-devel-windows-ix86+x86_64 0.5 39.00 125.00 164.00 OK
r-devel-windows-ix86+x86_64-gcc8 0.5 34.00 129.00 163.00 OK
r-patched-linux-x86_64 0.5 9.04 70.99 80.03 OK
r-patched-solaris-x86 0.5 152.90 OK
r-release-linux-x86_64 0.5 8.72 70.39 79.11 OK
r-release-windows-ix86+x86_64 0.5 19.00 72.00 91.00 OK
r-release-osx-x86_64 0.5 OK
r-oldrel-windows-ix86+x86_64 0.5 11.00 75.00 86.00 OK
r-oldrel-osx-x86_64 0.5 OK

Check Details

Version: 0.5
Check: package dependencies
Result: ERROR
    Package required but not available: ‘simsalapar’
    
    See section ‘The DESCRIPTION file’ in the ‘Writing R Extensions’
    manual.
Flavor: r-devel-linux-x86_64-debian-gcc