CRAN Package Check Results for Package HistDAWass

Last updated on 2020-01-27 00:48:05 CET.

Flavor Version Tinstall Tcheck Ttotal Status Flags
r-devel-linux-x86_64-debian-clang 1.0.3 60.71 94.60 155.31 WARN
r-devel-linux-x86_64-debian-gcc 1.0.3 51.52 70.59 122.11 OK
r-devel-linux-x86_64-fedora-clang 1.0.3 197.58 NOTE
r-devel-linux-x86_64-fedora-gcc 1.0.3 199.44 OK
r-devel-windows-ix86+x86_64 1.0.3 152.00 207.00 359.00 OK
r-devel-windows-ix86+x86_64-gcc8 1.0.3 161.00 206.00 367.00 OK
r-patched-linux-x86_64 1.0.3 53.70 80.39 134.09 OK
r-patched-solaris-x86 1.0.3 202.80 OK
r-release-linux-x86_64 1.0.3 54.41 81.70 136.11 OK
r-release-windows-ix86+x86_64 1.0.3 95.00 138.00 233.00 OK
r-release-osx-x86_64 1.0.3 NOTE
r-oldrel-windows-ix86+x86_64 1.0.3 100.00 123.00 223.00 OK
r-oldrel-osx-x86_64 1.0.3 NOTE

Additional issues

valgrind

Check Details

Version: 1.0.3
Check: whether package can be installed
Result: WARN
    Found the following significant warnings:
     Utility_fun.cpp:92:8: warning: absolute value function 'abs' given an argument of type 'long' but has parameter of type 'int' which may cause truncation of value [-Wabsolute-value]
Flavor: r-devel-linux-x86_64-debian-clang

Version: 1.0.3
Check: installed package size
Result: NOTE
     installed size is 7.1Mb
     sub-directories of 1Mb or more:
     data 1.0Mb
     libs 5.2Mb
Flavors: r-devel-linux-x86_64-fedora-clang, r-release-osx-x86_64, r-oldrel-osx-x86_64