CRAN Package Check Results for Package HTLR

Last updated on 2020-01-27 00:48:05 CET.

Flavor Version Tinstall Tcheck Ttotal Status Flags
r-devel-linux-x86_64-debian-clang 0.4-2 87.46 74.00 161.46 OK --no-vignettes
r-devel-linux-x86_64-debian-gcc 0.4-2 62.74 57.09 119.83 OK --no-vignettes
r-devel-linux-x86_64-fedora-clang 0.4-2 384.77 NOTE
r-devel-linux-x86_64-fedora-gcc 0.4-2 371.95 OK
r-devel-windows-ix86+x86_64 0.4-2 230.00 343.00 573.00 OK
r-devel-windows-ix86+x86_64-gcc8 0.4-2 239.00 381.00 620.00 OK
r-patched-linux-x86_64 0.4-2 68.92 65.48 134.40 OK --no-vignettes
r-patched-solaris-x86 0.4-2 459.40 OK
r-release-linux-x86_64 0.4-2 74.08 65.07 139.15 OK --no-vignettes
r-release-windows-ix86+x86_64 0.4-2 158.00 256.00 414.00 OK
r-release-osx-x86_64 0.4-2 NOTE
r-oldrel-windows-ix86+x86_64 0.4-2 165.00 247.00 412.00 ERROR
r-oldrel-osx-x86_64 0.4-2 NOTE

Check Details

Version: 0.4-2
Check: installed package size
Result: NOTE
     installed size is 5.3Mb
     sub-directories of 1Mb or more:
     doc 1.0Mb
     libs 3.2Mb
Flavors: r-devel-linux-x86_64-fedora-clang, r-release-osx-x86_64, r-oldrel-osx-x86_64

Version: 0.4-2
Check: whether package can be installed
Result: ERROR
    Installation failed.
Flavor: r-oldrel-windows-ix86+x86_64