CRAN Package Check Results for Package HMM

Last updated on 2020-01-27 00:48:05 CET.

Flavor Version Tinstall Tcheck Ttotal Status Flags
r-devel-linux-x86_64-debian-clang 1.0 2.08 23.70 25.78 NOTE
r-devel-linux-x86_64-debian-gcc 1.0 2.02 18.59 20.61 NOTE
r-devel-linux-x86_64-fedora-clang 1.0 32.37 NOTE
r-devel-linux-x86_64-fedora-gcc 1.0 30.73 NOTE
r-devel-windows-ix86+x86_64 1.0 8.00 42.00 50.00 NOTE
r-devel-windows-ix86+x86_64-gcc8 1.0 5.00 35.00 40.00 NOTE
r-patched-linux-x86_64 1.0 1.68 22.44 24.12 NOTE
r-patched-solaris-x86 1.0 42.40 NOTE
r-release-linux-x86_64 1.0 1.71 22.01 23.72 NOTE
r-release-windows-ix86+x86_64 1.0 5.00 47.00 52.00 NOTE
r-release-osx-x86_64 1.0 NOTE
r-oldrel-windows-ix86+x86_64 1.0 3.00 27.00 30.00 NOTE
r-oldrel-osx-x86_64 1.0 NOTE

Check Details

Version: 1.0
Check: DESCRIPTION meta-information
Result: NOTE
    Malformed Description field: should contain one or more complete sentences.
Flavors: r-devel-linux-x86_64-debian-clang, r-devel-linux-x86_64-debian-gcc, r-devel-linux-x86_64-fedora-clang, r-devel-linux-x86_64-fedora-gcc, r-devel-windows-ix86+x86_64, r-devel-windows-ix86+x86_64-gcc8, r-patched-linux-x86_64, r-patched-solaris-x86, r-release-linux-x86_64, r-release-windows-ix86+x86_64, r-release-osx-x86_64, r-oldrel-windows-ix86+x86_64, r-oldrel-osx-x86_64

Version: 1.0
Check: R code for possible problems
Result: NOTE
    dishonestCasino: no visible global function definition for 'plot'
    dishonestCasino: no visible global function definition for 'axis'
    dishonestCasino: no visible global function definition for 'text'
    dishonestCasino: no visible global function definition for 'rect'
    dishonestCasino: no visible global function definition for 'rgb'
    dishonestCasino: no visible global function definition for 'points'
    Undefined global functions or variables:
     axis plot points rect rgb text
    Consider adding
     importFrom("grDevices", "rgb")
     importFrom("graphics", "axis", "plot", "points", "rect", "text")
    to your NAMESPACE file.
Flavors: r-devel-linux-x86_64-debian-clang, r-devel-linux-x86_64-debian-gcc, r-devel-linux-x86_64-fedora-clang, r-devel-linux-x86_64-fedora-gcc, r-devel-windows-ix86+x86_64, r-devel-windows-ix86+x86_64-gcc8, r-patched-linux-x86_64, r-patched-solaris-x86, r-release-linux-x86_64, r-release-windows-ix86+x86_64, r-release-osx-x86_64, r-oldrel-windows-ix86+x86_64, r-oldrel-osx-x86_64