CRAN Package Check Results for Package HHG

Last updated on 2020-01-27 00:48:05 CET.

Flavor Version Tinstall Tcheck Ttotal Status Flags
r-devel-linux-x86_64-debian-clang 2.3.2 34.78 47.44 82.22 NOTE
r-devel-linux-x86_64-debian-gcc 2.3.2 22.89 36.67 59.56 NOTE
r-devel-linux-x86_64-fedora-clang 2.3.2 105.74 OK
r-devel-linux-x86_64-fedora-gcc 2.3.2 99.02 OK
r-devel-windows-ix86+x86_64 2.3.2 100.00 111.00 211.00 NOTE
r-devel-windows-ix86+x86_64-gcc8 2.3.2 85.00 116.00 201.00 NOTE
r-patched-linux-x86_64 2.3.2 24.57 43.93 68.50 OK
r-patched-solaris-x86 2.3.2 108.50 OK
r-release-linux-x86_64 2.3.2 26.14 43.27 69.41 OK
r-release-windows-ix86+x86_64 2.3.2 61.00 80.00 141.00 OK
r-release-osx-x86_64 2.3.2 OK
r-oldrel-windows-ix86+x86_64 2.3.2 83.00 74.00 157.00 OK
r-oldrel-osx-x86_64 2.3.2 OK

Additional issues

rchk

Check Details

Version: 2.3.2
Check: package vignettes
Result: NOTE
    Package vignette with placeholder title 'Vignette Title':
     'HHG.Rmd'
Flavors: r-devel-linux-x86_64-debian-clang, r-devel-linux-x86_64-debian-gcc, r-devel-windows-ix86+x86_64, r-devel-windows-ix86+x86_64-gcc8