CRAN Package Check Results for Package HDclust

Last updated on 2020-01-27 00:48:05 CET.

Flavor Version Tinstall Tcheck Ttotal Status Flags
r-devel-linux-x86_64-debian-clang 1.0.3 93.93 306.09 400.02 OK
r-devel-linux-x86_64-debian-gcc 1.0.3 55.36 204.88 260.24 OK
r-devel-linux-x86_64-fedora-clang 1.0.3 480.56 OK
r-devel-linux-x86_64-fedora-gcc 1.0.3 440.95 OK
r-devel-windows-ix86+x86_64 1.0.3 230.00 368.00 598.00 OK
r-devel-windows-ix86+x86_64-gcc8 1.0.3 217.00 375.00 592.00 OK
r-patched-linux-x86_64 1.0.3 65.30 262.82 328.12 OK
r-patched-solaris-x86 1.0.3 1197.60 OK
r-release-linux-x86_64 1.0.3 66.50 256.32 322.82 OK
r-release-windows-ix86+x86_64 1.0.3 144.00 343.00 487.00 OK
r-release-osx-x86_64 1.0.3 OK
r-oldrel-windows-ix86+x86_64 1.0.3 160.00 330.00 490.00 ERROR
r-oldrel-osx-x86_64 1.0.3 OK

Check Details

Version: 1.0.3
Check: whether package can be installed
Result: ERROR
    Installation failed.
Flavor: r-oldrel-windows-ix86+x86_64