CRAN Package Check Results for Package GuessCompx

Last updated on 2020-01-27 00:48:04 CET.

Flavor Version Tinstall Tcheck Ttotal Status Flags
r-devel-linux-x86_64-debian-clang 1.0.3 5.78 95.86 101.64 NOTE
r-devel-linux-x86_64-debian-gcc 1.0.3 5.37 84.05 89.42 NOTE
r-devel-linux-x86_64-fedora-clang 1.0.3 120.50 OK
r-devel-linux-x86_64-fedora-gcc 1.0.3 126.20 OK
r-devel-windows-ix86+x86_64 1.0.3 18.00 150.00 168.00 NOTE
r-devel-windows-ix86+x86_64-gcc8 1.0.3 20.00 154.00 174.00 NOTE
r-patched-linux-x86_64 1.0.3 4.74 96.53 101.27 OK
r-patched-solaris-x86 1.0.3 180.20 OK
r-release-linux-x86_64 1.0.3 4.91 95.98 100.89 OK
r-release-windows-ix86+x86_64 1.0.3 10.00 108.00 118.00 OK
r-release-osx-x86_64 1.0.3 OK
r-oldrel-windows-ix86+x86_64 1.0.3 7.00 104.00 111.00 OK
r-oldrel-osx-x86_64 1.0.3 OK

Check Details

Version: 1.0.3
Check: package vignettes
Result: NOTE
    Package vignette with placeholder title 'Vignette Title':
     'GuessCompx.Rmd'
Flavors: r-devel-linux-x86_64-debian-clang, r-devel-linux-x86_64-debian-gcc, r-devel-windows-ix86+x86_64, r-devel-windows-ix86+x86_64-gcc8