CRAN Package Check Results for Package GsymPoint

Last updated on 2020-01-27 00:48:04 CET.

Flavor Version Tinstall Tcheck Ttotal Status Flags
r-devel-linux-x86_64-debian-clang 1.1.1 5.77 37.41 43.18 OK
r-devel-linux-x86_64-debian-gcc 1.1.1 0.35 2.00 2.35 ERROR
r-devel-linux-x86_64-fedora-clang 1.1.1 3.01 ERROR
r-devel-linux-x86_64-fedora-gcc 1.1.1 1.74 ERROR
r-devel-windows-ix86+x86_64 1.1.1 14.00 74.00 88.00 OK
r-devel-windows-ix86+x86_64-gcc8 1.1.1 13.00 53.00 66.00 OK
r-patched-linux-x86_64 1.1.1 5.64 33.83 39.47 OK
r-patched-solaris-x86 1.1.1 72.20 OK
r-release-linux-x86_64 1.1.1 4.70 34.09 38.79 OK
r-release-windows-ix86+x86_64 1.1.1 9.00 51.00 60.00 OK
r-release-osx-x86_64 1.1.1 OK
r-oldrel-windows-ix86+x86_64 1.1.1 5.00 45.00 50.00 OK
r-oldrel-osx-x86_64 1.1.1 OK

Check Details

Version: 1.1.1
Check: whether package can be installed
Result: ERROR
    Installation failed.
Flavors: r-devel-linux-x86_64-debian-gcc, r-devel-linux-x86_64-fedora-clang, r-devel-linux-x86_64-fedora-gcc